e t(0). Is -1306*((-1)/3)/(r/(-42)) a composite number?
False
Suppose 3*a = 5*z + 31, -24 = 2*a - 4*a + 4*z. Let o be (465/10)/(a/28). Suppose -o = -4*j + 1889. Is j a prime number?
False
Suppose -20*s = -231960 - 5145700. Is s composite?
False
Suppose -5*p = -119 + 84, -2*k - 4*p = -757586. Is k a prime number?
True
Suppose -z = -3*w + 7*w - 48906, 2*w + z - 24452 = 0. Is w a composite number?
False
Let s = 40 + -37. Suppose -5*q - s*t - 10152 = -8*q, -2*q = t - 6783. Is q prime?
True
Let t = 52632 - 33599. Is t a composite number?
True
Let u(f) = 36439*f - 150. Is u(1) composite?
True
Suppose -3*i - 5*z + 777488 = -5509, -3*i + 782997 = -5*z. Is i prime?
True
Let g be (0 - (-5)/(-25))*-5. Let i be g + -4*-2*50. Let u = -267 + i. Is u composite?
True
Is 13608946/(-87)*6/(-4) + 10 composite?
True
Let h(k) = -k**2 + 6*k + 2. Suppose 3*o + 1 - 16 = 0. Let u be h(o). Let y(i) = 89*i + 24. Is y(u) prime?
True
Let k be (102/9)/((-8)/4116) + 1. Let p = 9793 + k. Suppose 4*w = 2961 + p. Is w composite?
True
Let w(q) = 393*q + 26. Suppose 3*n - 176 = 7*n. Let p = -35 - n. Is w(p) a prime number?
False
Let q = -27 - -30. Suppose 5*z + 9 = q*t, 4*t + 0*t - 12 = z. Let c(d) = -4*d + 489. Is c(z) prime?
False
Let g = 69 + -64. Suppose g*c - 16227 = -352. Let k = c - 1698. Is k composite?
True
Suppose -242122 + 6157 = 15*d. Let v = -9498 - d. Is v a prime number?
False
Let l = -1112634 - -2108467. Is l composite?
False
Let a(q) = -q + 7*q - 12*q + 5*q - 8. Let h be a(-5). Is (-1658)/(-4) + (-1)/((-2)/h) a prime number?
False
Let t(p) = 55*p**2 + 68*p + 626. Is t(-23) composite?
True
Suppose 1324347 = 17*m - 281762. Is m composite?
False
Let q = 103486 + -68435. Is q a prime number?
True
Let i(x) = 501*x + 128. Let p be i(13). Suppose -3*w + 3*h + 11295 = 0, 4*h - 17908 + p = -3*w. Is w prime?
True
Let l = 104218 + -27851. Is l a composite number?
False
Let p be 2 - 447/(-6)*-6. Let u be (-2)/10 - p/(-25). Is u/4*25504/(-48) a composite number?
True
Suppose -4*z - 12123 = 7169. Suppose 30904 = -5*s + 9*s. Let w = s + z. Is w a prime number?
True
Suppose 2*w + 436 - 10404 = -t, -14941 = -3*w + 4*t. Let z = w + -2480. Is z a composite number?
False
Let w(f) = -37*f**3 + 6*f**2 - 11*f - 43. Let l = -652 + 644. Is w(l) a composite number?
False
Suppose -5*d + 4*d - 5*x - 17 = 0, 0 = 3*d + 5*x + 31. Is -8 - d - (-4 - (3 + 3485)) a composite number?
False
Suppose -4*j - o + 189 = -1855, -4*j - 5*o + 2044 = 0. Suppose -j*x - 635 = -516*x. Is x composite?
False
Let z = 155 + -146. Suppose z*y - 19868 = 12469. Is y prime?
True
Suppose 3*n + 544 = -n. Is (-51)/n + (-6)/16 - -20887 a prime number?
True
Let d = 50 - 23. Suppose 21*v + 3810 = d*v. Is v prime?
False
Suppose 4*n + 36 = 4. Let g(k) be the third derivative of k**5/15 + k**4/4 - 17*k**3/6 + 308*k**2. Is g(n) a prime number?
True
Suppose 0 = -39*c + 2*c + 2998813. Is c composite?
False
Suppose -5*m - 221 = -22*m. Suppose m*w - 11*w - 740 = 0. Suppose 0*l + w = 2*l. Is l prime?
False
Let r = -79544 + 168697. Is r a composite number?
False
Suppose 3*a + 2*q = 6*q + 857, -4*q = 4*a - 1124. Let z(f) = 186 + a - 2*f + 82 + 4*f. Is z(0) a composite number?
True
Let k(b) = 237*b**2 + 9*b - 4. Let q be k(-6). Let i = -5703 + q. Is i a composite number?
True
Let g = 42 - 14. Let s be (-7)/g + (-6)/8 - -3. Suppose s*h = -2*h + 2956. Is h a composite number?
False
Is ((-10)/(-5) - 25036)/(-2) prime?
True
Let t(s) = -81*s - 310. Let z be t(-4). Suppose 48*i - z*i = 11764. Is i a prime number?
False
Let k = -46 + 38. Let p be 200 + (4 + k)*1. Let x = 285 - p. Is x a composite number?
False
Suppose -2*q = -2*b + 6, b = -3*q + 15 + 4. Suppose 12*w + b*w = 105583. Is w a composite number?
False
Let p be (-2 + 2)/(-3 - -1). Suppose 2*g + 2*v - v - 1124 = 0, p = 4*g + 3*v - 2246. Is g prime?
True
Let o be 3 - 1 - 1 - 1. Suppose o*d = -d + 1270. Let t = -635 + d. Is t a prime number?
False
Suppose -2*d = -5*u + 18, -3*d + 0*d - 4*u - 50 = 0. Let x = d - -93. Is x composite?
False
Suppose 0 = 4*c - q - 33856, -2*q - 8112 = -4*c + 25740. Suppose -c = -12*m + 7*m. Is m a prime number?
True
Let p(v) = -5223*v**3 - 3*v**2 + 33*v + 16. Is p(-5) a prime number?
True
Let g(i) = 781*i + 28. Let v(o) = -o + 1. Let h(l) = -g(l) - 2*v(l). Is h(-4) a composite number?
True
Let k(l) be the second derivative of -197*l**3/2 + 73*l**2 - 98*l. Is k(-21) prime?
False
Let i be -39 + 44 + 89*17. Let p = 2473 - 3510. Let g = p + i. Is g composite?
True
Suppose -10*p - 68512 = -1949582. Is p prime?
True
Let h = 7156 + -3394. Let l = h - 2575. Suppose -6191 + l = -12*r. Is r composite?
True
Is (-1063542)/(-84) - (-24)/(-112) a composite number?
True
Let v(p) = -p**3 + 15*p**2 - 29*p + 9. Let w be v(12). Is w - (2 + -14)/(-6) a prime number?
False
Let n = 271 - 269. Let c = 49 + -49. Suppose c*p - 5*g = p - 992, 1998 = n*p - 4*g. Is p prime?
True
Let s = -43297 + 166250. Is s a prime number?
True
Let a be ((-1 + 1)/(-1))/(9 - 8). Is (4/6)/((-10)/(-34995) + a) a prime number?
True
Suppose 30*n + 2494530 = 84*n. Is n composite?
True
Let z be 1/(-27)*-6 - (-224)/(-36). Let k be z + 2 - (-24)/3. Suppose -k*a - 183 = -1819. Is a a composite number?
False
Let y(o) = o**3 - 9*o**2 + 12*o - 25. Let z be y(9). Suppose -j - 2 + 4 = 0. Suppose -z = -j*p + p. Is p a composite number?
False
Suppose 16*d - 20*d + 2*q = -18120, -5*q = -2*d + 9060. Is -2 + (-78)/(-42) - d/(-7) composite?
False
Is -1266015*(-8)/12 - (-2 - 3 - -2) a prime number?
True
Let r(s) = 18*s**2 + 5*s + 16. Let h(u) = -u**2 + 3*u + 1. Let n(a) = 2*a - 22. Let t be n(13). Let g be h(t). Is r(g) a composite number?
False
Suppose -13 = -11*s - 2*s. Let d(p) = 484*p**2 + 6*p - 3. Is d(s) a composite number?
False
Suppose 4231357 - 2907989 = 170*a - 4183442. Is a a prime number?
False
Let j(u) = -23*u - 7 + 438*u**2 - 828*u**2 + 445*u**2. Is j(17) composite?
False
Suppose 8 + 0 = 4*o, 0 = 4*s + 2*o - 2956. Let i(g) = -21*g - 730. Let c be i(-35). Suppose c*w = 217 + s. Is w a prime number?
True
Suppose -163*b + 269*b - 12800878 = 0. Is b a prime number?
True
Suppose 5*c - 2095 = -0*c. Let l = -1108 - -1958. Let w = l - c. Is w prime?
True
Let a(g) = 62293*g - 11090. Is a(13) a prime number?
False
Let l(f) = 6*f**3 - 2*f**2 - 7*f + 31. Suppose 121*a - 104*a = 102. Is l(a) composite?
False
Let y be (-1627)/(-4) - 5/(-20). Let l be (-28)/42*-9 - 324/2. Let v = y - l. Is v a prime number?
True
Let s(p) = -2028*p - 145. Let g be ((-368)/36 - -10) + 50/(-18). Is s(g) composite?
False
Suppose -29*t = -25*t + 5*w - 180986, 5*w = -3*t + 135737. Is t a prime number?
False
Suppose -h + n + 98 = 1840, 0 = 4*h + 4*n + 7000. Let f = 3187 + h. Is f a composite number?
True
Let w = -18 + 25. Suppose -4*r = -w*r + 5442. Let o = -1123 + r. Is o prime?
True
Let b(f) = -3016*f + 1193. Is b(-45) a composite number?
True
Is ((-2724596)/(-5))/4 - (320/25)/16 a prime number?
False
Let a(n) = 3*n - 10. Let o(f) = -4*f - 4. Let d be o(-2). Let z be a(d). Suppose 7*c - z*c = -u + 1702, 0 = 2*u + 6. Is c a prime number?
False
Let o(l) = l**3 + 19*l**2 + 15*l + 8. Suppose -3*n = 2*z - 2, 0 = -3*n - z + 1. Suppose d + 2*f - 2 + 18 = n, 0 = -d - f - 17. Is o(d) a prime number?
False
Suppose 0 = d + 3*d + 876. Let h be (-129)/(330/(-88)*(-6)/75). Let y = d - h. Is y prime?
True
Is (-8078490)/(-80) - (-3)/(-24) a prime number?
True
Let k be (468/(-10))/((-2)/(-20)). Suppose -5*o - 9 - 1 = 0. Is 3 - k/((-6)/o) a composite number?
True
Suppose -v + 4*z = -120757, 194*v + 120741 = 195*v + 4*z. Is v a prime number?
True
Let f(l) = -12*l**2 + 1. Let z be f(-4). Let k = 67 + z. Let h = -21 - k. Is h a prime number?
True
Let g = 29264 + -12237. Is g composite?
False
Suppose 0 = 5*b - 98976 - 14259. Let g = 7808 + b. Is g prime?
False
Is 3/2*(-18 - (-7170492)/63) prime?
False
Suppose x = 3*x + 4. Is (x - 0)/(8/(-99988)) prime?
False
Suppose 353*y - 872487 = 32037350. Is y a composite number?
False
Let s(m) = 2*m**2 - 8*m - 27. Suppose -14*w = -10*w - 4*a - 40, 4*a + 12 = 2*w. Is s(w) prime?
False
Let j = 33905 + 39332. Is j prime?
True
Suppose y + 4*k - 1456249 = 0, -1052*k = -1054*k - 8. Is y composite?
True
Let s = 1092131 - 751374. Is s composite?
False
Let c = -8731 + 17084. Is c composite?
False
Let g be ((-16)/(-24))/((2/9087)/1)